+ 3254664 = 0. Is g a prime number?
False
Suppose -6*d + 45258 = -77496. Is d composite?
True
Suppose 4*v + 32564 + 4547 = q, -v - 148399 = -4*q. Is q a composite number?
True
Let s(m) = 188*m - 138. Let c be s(-13). Is -2 + (-16)/(-6) - c/6 a prime number?
True
Suppose 6*v - 13*v = -14. Let z be (182/39 - v/3) + 0. Suppose -q = -2, z*c + c - 3*q = 4829. Is c prime?
True
Suppose -17*l = -21545 + 2573. Suppose 749 = 2*p + g, -3*g + 4*g + l = 3*p. Is p prime?
True
Let t = -123 + 117. Let c be (-235674)/(-27) - 2/t. Suppose 5*p + 2*y - 21851 = 0, p + 3*y + c = 3*p. Is p prime?
False
Let u = -53654 + 104143. Is u composite?
True
Let q = 1970664 - 516979. Is q composite?
True
Let f = -1158310 - -1764927. Is f a prime number?
False
Is ((-1276909524)/(-2376))/((-11)/6 - -2) composite?
False
Let f be (546192/96)/(1/2). Suppose 2*g - g = -3*o + f, -3*o + 11379 = -3*g. Is o prime?
True
Suppose -4*w + g = -4141, 9*g - 5183 = -5*w + 8*g. Let x = 3658 + -2541. Suppose x = 2*m - 3*p, -5*m = 4*p + w - 3817. Is m composite?
False
Let f(g) = -8*g - 7*g**2 + 0*g + 5*g**2 - 16 + g**2. Let d be f(-4). Let z(l) = l**3 + l**2 + 2*l + 22. Is z(d) prime?
False
Suppose -18*l - 3681 = 5751. Let x = l - -787. Is x composite?
False
Suppose 0 = 20*y + 4000724 - 14201344. Is y a composite number?
False
Suppose 3*h = 2*a - 9, 2*h = 3 - 1. Let u(n) = n**3 + n**2 - 15*n - 3. Let d(w) = -2*w**3 - 3*w**2 + 31*w + 7. Let q(g) = -6*d(g) - 13*u(g). Is q(a) prime?
False
Let m(a) = 142*a + 1. Let v be m(2). Suppose -3*h - 3*s - 30 = 0, 2*h - 2*s = -0*s - 12. Let l = v - h. Is l prime?
True
Let c = -152054 - -91953. Let s = -39397 - c. Suppose 4*d - s = -4*h, 0 = h - 2*d + d - 5170. Is h a prime number?
False
Suppose -64 = -4*x - 4*d, 4*d + 1 = -2*x + 41. Let z(f) = 177*f - 71. Is z(x) prime?
True
Let b = -910 + 214623. Is b a prime number?
True
Let l = -102214 - -143157. Is l a composite number?
True
Suppose -4*s = s - 15. Let d be (1 + 0)/(3/63). Suppose s*l - d = 612. Is l prime?
True
Suppose -25*c + 4 = -24*c. Suppose -b + 9677 = 2*b - c*r, 0 = b + r - 3221. Is b a composite number?
True
Suppose -499*j = -500*j - 3, 4*q - 342629 = -5*j. Is q composite?
False
Let o(a) = -362*a**3 + 2*a**2 - 12*a - 25. Is o(-2) composite?
False
Suppose x - 229109 = -3*r + 275846, 0 = x + 2*r - 504963. Is x a composite number?
True
Suppose -59*v + 63*v + 236 = 0. Let j = v - -67. Is 1785/9 + j/12 prime?
True
Let c(j) = -6591*j + 1109. Is c(-20) prime?
True
Suppose 522*r - 524*r + 1961040 = -n, -2*r + 2*n = -1961038. Is r a composite number?
True
Let u = -349488 - -617759. Is u composite?
False
Let r(i) = 0 + 9*i**2 + 3*i**2 + 3 + 18*i. Let c be r(-7). Suppose -q + c = -602. Is q prime?
False
Let g(o) = 69448*o**2 - 45*o - 44. Is g(-1) prime?
False
Let s(w) = 1597*w - 72. Let c(u) = -800*u + 35. Let a(b) = 7*c(b) + 4*s(b). Is a(4) a composite number?
False
Let g(a) be the first derivative of 16 + 29*a - 21*a + 15*a - 11*a**2. Is g(-6) composite?
True
Let d = -33641 + 64170. Is d a composite number?
False
Suppose -3*o + 7*o - 2636 = 0. Suppose -15*f - 1280 = -20*f. Suppose f = 3*u - o. Is u composite?
True
Let m(f) = -f + 14. Let u be m(9). Suppose g + 3*r = -316, 2*g = -g - u*r - 944. Let z = g + 884. Is z composite?
False
Suppose 0 = 11301*i - 11257*i - 27014284. Is i a composite number?
True
Let d(f) = f**3 - 3*f**2 + 10. Let g be (-52)/234 + 112/18. Suppose -h - 1 = 4*m, -h + 11 + g = -5*m. Is d(h) composite?
True
Let m(f) = 1437*f**2 + 231*f**2 + 2*f + 110*f**2 + 1. Let c = 4496 - 4497. Is m(c) prime?
True
Let k = -6852 + 24319. Is k a prime number?
True
Let t(i) = -1018*i + 2. Let v = 4 + 5. Let s be t(v). Let n = -5351 - s. Is n a prime number?
False
Let p(r) = 14153*r**2 + 7*r - 25. Is p(4) a composite number?
False
Let b(c) = -30*c - 916 + 767 + 50*c**2 - 17*c. Is b(-16) prime?
False
Let y(s) = -20601*s - 2131. Is y(-4) composite?
False
Is 1 + 0 + -10 + 4 + 1265122 a composite number?
True
Let p(o) = 4*o**3 - o**2 + 3*o + 5. Let k be p(5). Let i(x) = 5*x**3 - 2*x**2 - 7*x - 24. Let t be i(4). Let m = k - t. Is m prime?
False
Suppose 0 = 222*y - 4884988 - 8066740 - 26671054. Is y a composite number?
False
Let y = -30080 + 81289. Is y a composite number?
True
Let m(x) = -2*x**3 + 9*x**2 + 10*x + 11. Let p be m(-9). Let l = 1101 - p. Let g = l + 2973. Is g a composite number?
True
Let w(t) = 24*t**2 + 54*t - 44*t**2 + 12 + 6*t**3 - 5*t**3. Is w(19) composite?
False
Let o(d) be the first derivative of 32*d**2 + 2*d + 9. Let c be o(3). Is 1/((-2)/(-1*c)) prime?
True
Suppose 5*s + 0*s = -4*a + 6, -4*s = -5*a - 13. Is 138593/26*3/3*s composite?
True
Suppose -245*g = -224*g - 2799363. Is g a composite number?
False
Suppose 235*x = 49457011 + 9915034. Is x a composite number?
True
Suppose -3*m - 8 = -4*q, 0 = 2*m - m - 5*q + 10. Suppose m = 5*c - 482 - 118. Let k = c - 23. Is k prime?
True
Let k be (-71760)/(-90)*6/4. Let b = 1845 + k. Is b prime?
True
Suppose -2*g - 49 = -73. Suppose 48*l = 45*l + g. Suppose -704 = -l*j - 4*u, 0 = -u + 4*u + 15. Is j a prime number?
True
Let q(v) = -26*v - 105. Let m be q(-4). Is 0 + m - 3/((-24)/29920) a prime number?
True
Let a(y) = y**2 + 14*y - 245. Let d be a(10). Let k(t) be the second derivative of 15*t**4/4 - 5*t**3/6 - 9*t**2/2 + t. Is k(d) a composite number?
True
Let h = 29 - 10. Let c(m) = 5*m - 87. Let i be c(h). Is i/(-28) - (-106248)/56 prime?
False
Let j = 41517 - 27622. Suppose -j = -16*i + 11*i. Is i prime?
False
Is 2/((-12)/(-790383)) - (-24)/(-16) a prime number?
False
Let k(w) = -2071*w**3 + 4*w**2 - 35*w - 67. Is k(-6) a composite number?
True
Let r = 846191 + -592428. Is r prime?
True
Let b = -2509 + 4562. Is b composite?
False
Suppose 0 = 6*f - 16045 + 46909. Let z = 1965 - f. Is z composite?
False
Is (-5)/(5/(-126078)) + (36 - 35) a composite number?
False
Suppose -4*x - 10 = 2*k, -k + 4*x = 2*k + 15. Suppose w - 3549 = r, 0 = 5*r - 10 - 15. Is k/(-10) + (-2 - w/(-4)) a composite number?
False
Let b = -76 + 65. Let g = b - -6. Let j(z) = 7*z**2 - 9*z - 11. Is j(g) a composite number?
True
Let l = 4526 + -3607. Is l prime?
True
Let d(r) = 66*r**3 - 7*r**2 - 25*r - 7. Let w be d(7). Let n = -11554 + w. Is n a composite number?
False
Let s = 272868 + -172431. Is s prime?
False
Let g be -10 - -39 - ((-2 - -1) + -1). Let u = 31 - g. Suppose 0 = -k - 2*i + 137, -5*k + i + 630 = -u*k. Is k a composite number?
False
Let u = 2612992 + -1810419. Is u a prime number?
True
Let r(i) = -19675*i**3 - 5*i**2 + 137*i + 469. Is r(-3) a prime number?
False
Is 3*(-17)/(-85)*34115 a composite number?
True
Let t(y) = -4*y**3 - 42*y**2 + 56*y + 261. Is t(-34) a prime number?
True
Suppose -39 = 12*j - 183. Suppose 3*m = 0, 2*a + 4*m = m + j. Is (-3622)/(-7) + a*(-2)/28 a composite number?
True
Suppose -3*o - 5*s + 58 = 0, 6*o - 2*s = 11*o - 84. Suppose 0 = -k + o*k - 6105. Is k composite?
True
Let m(h) = h**3 + 18*h**2 + 45*h + 6. Let o be m(-15). Is o/45 - 8943259/(-195) composite?
False
Suppose 152*m = -111*m - 2*m + 431752045. Is m composite?
False
Let l = -26 - -29. Suppose -5*a + a + 3637 = l*f, 4*f + 4554 = 5*a. Let t = a + -615. Is t prime?
False
Suppose 3*t + 4*p + p - 111835 = 0, -5*p = -10. Suppose 144010 + t = 13*f. Is f prime?
False
Let r be 8/6 + 26/39 + 1414. Suppose 0 = -m + r + 1303. Is m prime?
True
Suppose -1 = o - 0*o, 5*h = 5*o + 20. Let s be (2/h)/(3/92511). Suppose -3*v - s = -5*z, 4*z - 10864 = -v + 5579. Is z a prime number?
True
Let y = 34072 + -24035. Suppose -13*v + 14*v - y = 0. Is v composite?
False
Is -6 + (-4529910)/308*1/(2/(-4)) composite?
True
Let j(i) = 13*i**3 - i**2 - i + 1. Let k be j(-1). Let x be 2/4*1396/(-6)*k. Suppose 7*y - 2*y = -2*t + x, 0 = 4*t + 5*y - 2802. Is t a composite number?
True
Let y = 24 - -6. Suppose -3*n = -r + y - 143, -5*n + 175 = -5*r. Is (211/3)/(13/n) prime?
True
Let r(p) = -p**3 - 3*p**2 - 6*p - 5. Let o be (24/(-36))/((-2)/15). Let v be 2/o - 17/5. Is r(v) composite?
False
Suppose 0 = -4*i + 3*i. Suppose 0 = -8*p + 2*p - 396. Is p/(i - 2)*1 composite?
True
Let f = 684038 + -364425. Is f a prime number?
False
Suppose 2*s - 9 = -0*j + 5*j, -9 = -s + j. Let w be 15 - (s/10)/((-8)/20). Suppose w + 842 = 4*c. Is c prime?
False
Suppose -24*n + 48204 = 2*n. Let w = -1187 + n. Is w a prime number?
False
